100
In base 12, what is -17 - -191a6?
1918b
In base 15, what is -7 - 5561?
-5568
In base 10, what is -3 - -125311?
125308
In base 10, what is -22 - 11576?
-11598
In base 8, what is 35 + 7324?
7361
In base 15, what is -b77 + -a15?
-168c
In base 15, what is 3b581 + -2?
3b57e
In base 10, what is -5 - 22960?
-22965
In base 12, what is -1531 + -58?
-1589
In base 7, what is 406022 - -1?
406023
In base 13, what is 66b + 74?
712
In base 12, what is 1a - -1236?
1254
In base 14, what is -17 - 2650?
-2667
In base 10, what is -1111 - 614?
-1725
In base 4, what is 110012331 + 0?
110012331
In base 11, what is 63a32 - 0?
63a32
In base 6, what is 342514 - 305?
342205
In base 4, what is 112320303 + -3?
112320300
In base 7, what is 1 + 2005016?
2005020
In base 13, what is b34a3 + 4?
b34a7
In base 7, what is 56524 - -5?
56532
In base 11, what is 643 - 36?
608
In base 15, what is 5 + b4b2d?
b4b33
In base 15, what is 9 - 1ed19?
-1ed10
In base 6, what is 2533204 - 10?
2533154
In base 2, what is 11 - -1000001010101?
1000001011000
In base 7, what is 1046 + 4351?
5430
In base 9, what is 5 + 162616?
162622
In base 12, what is 532 - -1?
533
In base 3, what is -12022020202122 - -10?
-12022020202112
In base 11, what is 163367a - -5?
1633684
In base 8, what is 51642 - -1?
51643
In base 2, what is 11000100101100001 + 1?
11000100101100010
In base 4, what is 222203230 + 122?
222210012
In base 14, what is 28445 + 1?
28446
In base 11, what is a1a - 61?
969
In base 7, what is 210011 + 4?
210015
In base 12, what is -6716 - -48?
-668a
In base 14, what is -2 - -b2161?
b215d
In base 7, what is 4 + 15562?
15566
In base 9, what is -43500 + -1?
-43501
In base 4, what is -32313 - 1022?
-100001
In base 4, what is 33001011 + 10?
33001021
In base 15, what is 1d9b2 + -4?
1d9ad
In base 11, what is -55 - -31654?
315aa
In base 5, what is -41 - 2320420?
-2321011
In base 12, what is -19b46 - 7?
-19b51
In base 11, what is 4 + -1090?
-1087
In base 14, what is -6d475 - -5?
-6d470
In base 6, what is -303512 - -11?
-303501
In base 5, what is -120410004 + -10?
-120410014
In base 7, what is 1 - 2516640?
-2516636
In base 6, what is 113 + 4035?
4152
In base 16, what is 33 - -11a9?
11dc
In base 11, what is 17a26 + 4?
17a2a
In base 10, what is 10 + -4201?
-4191
In base 12, what is -6070 + 89?
-5ba3
In base 6, what is 3 + -12313302?
-12313255
In base 3, what is -1211 - -212122101?
212120120
In base 8, what is 6 - 620126?
-620120
In base 12, what is -3561 - -21?
-3540
In base 8, what is -124 - -4137?
4013
In base 11, what is 129 - -218?
346
In base 11, what is -3429 - -a0?
-3339
In base 9, what is -13 + 7823?
7810
In base 3, what is 2100122 + -211020?
1112102
In base 9, what is -7 - -505?
487
In base 12, what is -637480 - 5?
-637485
In base 5, what is -1030214 - 24?
-1030243
In base 6, what is -114 + -13214?
-13332
In base 8, what is 55 + -57025?
-56750
In base 13, what is 54883 + -4?
5487c
In base 11, what is -306 + -70?
-376
In base 2, what is -11 - 10100011011001001?
-10100011011001100
In base 8, what is 13 + -40126?
-40113
In base 5, what is -33432114 + 2?
-33432112
In base 8, what is 13132573 + 1?
13132574
In base 11, what is -4 + 3705?
3701
In base 14, what is -488496 - -1?
-488495
In base 6, what is 30 - -2035435?
2035505
In base 3, what is 102012220101211 + 2?
102012220101220
In base 7, what is 51065 - 2?
51063
In base 9, what is 7 - 220616?
-220608
In base 14, what is 190c - 12?
18da
In base 4, what is 110220 - -110?
110330
In base 4, what is -300 - 211?
-1111
In base 7, what is 6336 - 461?
5545
In base 2, what is -1101 - 10000100011?
-10000110000
In base 9, what is 43742 + -5?
43736
In base 12, what is -149 + -170?
-2b9
In base 9, what is 5 + 5515?
5521
In base 8, what is -1262025 - 5?
-1262032
In base 11, what is 3396 - -4?
339a
In base 7, what is -1123 - 11026?
-12152
In base 14, what is -5 - 8788?
-878d
In base 4, what is -32 - 330122000?
-330122032
In base 4, what is -3 - -31012312?
31012303
In base 3, what is 12002 + -1112210?
-1100201
In base 2, what is -101 - 110100100011001011?
-110100100011010000
In base 5, what is 3 - -131304313?
131304321
In base 14, what is 7d6c - -2?
7d70
In base 12, what is -19a + -1701?
-189b
In base 2, what is 10100010110011010100 - 101?
10100010110011001111
In base 15, what is -27a9bb - 3?
-27a9be
In base 10, what is -12604 + -4?
-12608
In base 11, what is -14489 + -117?
-145a5
In base 2, what is -101 - -10111010001111?
10111010001010
In base 14, what is -a6 - 7861?
-7927
In base 13, what is 3 + -218476?
-218473
In base 15, what is 116 + -156?
-40
In base 12, what is -154 + 7965?
7811
In base 2, what is 0 - 111001011101010100001?
-111001011101010100001
In base 3, what is 10122122 - -1?
10122200
In base 9, what is -5126707 + -1?
-5126708
In base 15, what is -39 + -1177?
-11b1
In base 11, what is 0 + 12565?
12565
In base 4, what is -3100110 - -3?
-3100101
In base 10, what is -105517 + 2?
-105515
In base 12, what is -2 + -5436?
-5438
In base 16, what is -93 + 2b0?
21d
In base 13, what is c0 - -65?
155
In base 8, what is -272373 + 1?
-272372
In base 15, what is -56e9 + 3?
-56e6
In base 3, what is 102101 - -220?
110021
In base 7, what is -122140 - -1011?
-121126
In base 6, what is 5504432 + -23?
5504405
In base 7, what is 6 - 114234?
-114225
In base 15, what is 5 + 4504?
4509
In base 2, what is 11000101101101001 + -1100?
11000101101011101
In base 13, what is 2a5b38 - -4?
2a5b3c
In base 7, what is 100232 - 155?
100044
In base 8, what is -11405 - -1064?
-10321
In base 6, what is 445314 - -12?
445330
In base 4, what is -122212112103 - -1?
-122212112102
In base 16, what is -5 - -7a0?
79b
In base 2, what is -101011010101111 - -110?
-101011010101001
In base 7, what is 156003 + 5?
156011
In base 5, what is -1 + -202044210?
-202044211
In base 4, what is 10 + 2231331?
2232001
In base 14, what is 23bc + -8?
23b4
In base 5, what is -12 - -13214111?
13214044
In base 14, what is -3 - d598d?
-d5992
In base 5, what is -303323 - 103?
-303431
In base 15, what is 16c - 49?
123
In base 11, what is 28a023 - -4?
28a027
In base 8, what is 53466 - 3?
53463
In base 8, what is 2071051 + -4?
2071045
In base 13, what is 48c95 + 15?
48caa
In base 6, what is 450014 - -12?
450030
In base 2, what is -1000100 - -10100000001?
10010111101
In base 4, what is 1 + -2130122?
-2130121
In base 11, what is 5 + 8165?
816a
In base 13, what is a24c + -1?
a24b
In base 7, what is -5 + 1115544?
1115536
In base 11, what is -2952 + -22?
-2974
In base 10, what is 95710 - 4?
95706
In base 4, what is -111230320 + -3?
-111230323
In base 15, what is c067 + -4?
c063
In base 12, what is 59b + -25?
576
In base 14, what is -426c4 - a?
-426d0
In base 13, what is 379 - 6c?
30a
In base 15, what is -1 - -57c5?
57c4
In base 16, what is 15 - -106e2?
106f7
In base 6, what is -2132 + 13015?
10443
In base 15, what is -5 + -18e745?
-18e74a
In base 8, what is 3756 + 35?
4013
In base 14, what is 2526b - 5?
25266
In base 5, what is -11002 - 4032?
-20034
In base 10, what is 22943 + -4?
22939
In base 3, what is 222202 - -1012?
1000221
In base 14, what is 3 + 3d85d?
3d862
In base 15, what is -3 + -52405?
-52408
In base 8, what is -576 + -12523?
-13321
In base 5, what is -1123323 - 4?
-1123332
In base 9, what is -14504545 - 1?
-14504546
In base 3, what is -111100 + -221112?
-1102212
In base 4, what is -3210 - -2?
-3202
In base 4, what is 2 - 112232322?
-112232320
In base 14, what is -1cc37 - -2?
-1cc35
In base 10, what is 2066 - 136?
1930
In base 8, what is -6 + -120614?
-120622
In base 3, what is -2 - -1011211020?
1011211011
In base 4, what is -1013230 + 113?
-1013111
In base 15, what is -1 + -42ae?
-42b0
In base 8, what is 0 - -747074?
747074
In base 3, what is -10102101 + -11021?
-10120122
In base 16, what is ab4 + -2b0?
804
In base 13, what is 125 - 174a?
-1625
In base 14, what is 4 - 168944?
-168940
In base 8, what is 2 - -313531?
313533
In base 15, what is -2d1 + 1?
-2d0
In base 15, what is -81 - -296?
215
In base 15, what is -6 + 15d8?
15d2
In base 15, what is -26555b + 5?
-265556
In base 10, what is 1 + -13206?
-13205
In base 5, what is -2 + -2013?
-2020
In base 12, what is -3 - 2b6b2?
-2b6b5
In base 16, what is 29 - 445?
-41c
In base 12, what is -1026 - -44?
-ba2
In base 11, what is 171a - 2a?
16a0
In base 5, what is 223 + -131?
